 + 11?
-6418815
In base 6, what is -2113522 + 25?
-2113453
In base 15, what is 3 - cea4b99?
-cea4b96
In base 5, what is -2 - -21040040?
21040033
In base 10, what is -774943722 + 0?
-774943722
In base 3, what is -21221221110202 + 11?
-21221221110121
In base 2, what is -1110000111 - 1101000111100100?
-1101010101101011
In base 4, what is -10 - 2331322122202?
-2331322122212
In base 15, what is 64ba + 21c3?
868d
In base 16, what is 2ebc + -c9e?
221e
In base 11, what is aa3 + -8498?
-74a5
In base 15, what is -927 - -128b?
864
In base 3, what is -1 - -100221001120121?
100221001120120
In base 2, what is 101110010100111110100000 - 1?
101110010100111110011111
In base 7, what is 25 - -16350563?
16350621
In base 3, what is -2221 + -2100100110022?
-2100100120020
In base 11, what is -288 + 255011?
254834
In base 2, what is -100 - -10010000010110100100011?
10010000010110100011111
In base 15, what is 90057 + -c3?
8ee84
In base 4, what is -2233213202 - 3130?
-2233222332
In base 3, what is 1000020 - -21121200110?
21122200200
In base 14, what is -12006c78 - -4?
-12006c74
In base 2, what is -10100110 - -10111100101100100?
10111100010111110
In base 7, what is 5 - -1301140661?
1301140666
In base 10, what is -248284 - -101?
-248183
In base 5, what is 204102204 + -404?
204101300
In base 16, what is b + 2696cf?
2696da
In base 15, what is -1e0 + 591?
3a1
In base 13, what is -1aa891 + -57?
-1aa918
In base 2, what is -11000111011000011 + 1010011000?
-11000110000101011
In base 13, what is 3 - -2ba721?
2ba724
In base 13, what is 1ac0a + 98?
1aca5
In base 13, what is -c42 - 1207a2?
-121714
In base 16, what is b54 - 181a4?
-17650
In base 4, what is -11002 + -13130020?
-13201022
In base 12, what is 3693 - 941b?
-5948
In base 2, what is 11101100101 - 1001100000110?
-101110100001
In base 10, what is -183 - 1518884?
-1519067
In base 7, what is -4110446 - 204?
-4110653
In base 15, what is -3cb + c69d7?
c660b
In base 6, what is 104522235120 + -3?
104522235113
In base 12, what is 20 - -2527a44?
2527a64
In base 10, what is -7121 + -3655?
-10776
In base 12, what is 835 - -1611?
2246
In base 8, what is 363 - -6177?
6562
In base 15, what is -1ba44 + -55e?
-1c0a3
In base 14, what is -4 + -320959?
-32095d
In base 12, what is -90617 + -58?
-90673
In base 11, what is 30 - -5754831?
5754861
In base 4, what is 230002 + 102310?
332312
In base 11, what is -17 - -14517?
14500
In base 7, what is 34412033 - 6?
34412024
In base 9, what is 35851755 - 0?
35851755
In base 3, what is 1020002121220110 - 0?
1020002121220110
In base 11, what is 1113 + 1a394?
204a7
In base 4, what is 23 - 22132233032?
-22132233003
In base 16, what is -3159 + 197?
-2fc2
In base 5, what is -321310103323 - 2?
-321310103330
In base 14, what is 75cc66 + -1?
75cc65
In base 4, what is 1233032332220 + -101?
1233032332113
In base 6, what is -2231 - 54040?
-100311
In base 6, what is -42310 - -55425?
13115
In base 3, what is 1201122202021111 - -10?
1201122202021121
In base 4, what is -31010103212 + -100?
-31010103312
In base 16, what is -334 - 29bf?
-2cf3
In base 8, what is -4021 + -1074152?
-1100173
In base 6, what is -411 + -2550232?
-2551043
In base 14, what is -14 + -21a9ac?
-21a9c2
In base 16, what is -1299687 + -1?
-1299688
In base 10, what is 62 - -3308738?
3308800
In base 13, what is 4 - 3cb345?
-3cb341
In base 10, what is -31 - 1379838?
-1379869
In base 7, what is -1 - 4653232430?
-4653232431
In base 15, what is 3c7 - -5588?
5960
In base 6, what is -2024315 + 44?
-2024231
In base 8, what is -606121 + -1764?
-610105
In base 8, what is 56055067 + 14?
56055103
In base 14, what is 1552 + 18db?
304d
In base 15, what is 21cab + -ad?
21bed
In base 7, what is 1113 - 6433?
-5320
In base 7, what is 20005045 - 1621?
20003124
In base 5, what is -30 + -1302224400?
-1302224430
In base 12, what is 5 + -1828a2a7?
-1828a2a2
In base 7, what is 1565 + -1352000?
-1350102
In base 4, what is 10 + -3223113111122?
-3223113111112
In base 8, what is -37352 + 365?
-36765
In base 4, what is 13103033111323 - -21?
13103033112010
In base 11, what is -a8958 + 2185?
-a6783
In base 7, what is 10 - 2263065?
-2263055
In base 14, what is 167a39 - -16b?
167ba6
In base 8, what is -5 - -55273716?
55273711
In base 2, what is 111 - -10100001100010100001?
10100001100010101000
In base 12, what is -19549b1 - -1?
-19549b0
In base 12, what is 175054 + -13?
175041
In base 15, what is -1ad7d + -9a?
-1ae28
In base 11, what is -a210094 - 3?
-a210097
In base 7, what is -1 + 120641054?
120641053
In base 7, what is 1 - 136102104?
-136102103
In base 4, what is 100 + -120303022?
-120302322
In base 15, what is -10 + 448b74?
448b64
In base 11, what is a857 - -3567?
13313
In base 13, what is -a08 - b89?
-1894
In base 2, what is -1101010100010 - 10101111000?
-10000000011010
In base 12, what is 4 + -690a574?
-690a570
In base 13, what is 2130a4 - 120?
212c84
In base 12, what is -24a - -a83284?
a83036
In base 7, what is 3325 - -100310?
103635
In base 11, what is 3 - 21069924?
-21069921
In base 2, what is -110000101010100 + 110100101001010?
11111110110
In base 5, what is 23 + 114130423123?
114130423201
In base 2, what is 10010010 - -1111001111101111?
1111010010000001
In base 8, what is -2054 + 1072552?
1070476
In base 10, what is -1254 - 28594?
-29848
In base 8, what is -56 - 4433473?
-4433551
In base 13, what is -2 - -1c11c81?
1c11c7c
In base 3, what is -1021220 - 112012011?
-120111001
In base 2, what is 100 + -100101011000010011001100?
-100101011000010011001000
In base 8, what is 354 + 204541?
205115
In base 2, what is 0 + -10100110110010010110000?
-10100110110010010110000
In base 4, what is -32320211302 + 221?
-32320211021
In base 16, what is 3 + -342cf0?
-342ced
In base 2, what is 11000001010011101010000111111 + -101?
11000001010011101010000111010
In base 5, what is 0 - 1111430332?
-1111430332
In base 6, what is 5040012211 - 4?
5040012203
In base 13, what is 1a870 + -7aa?
1a093
In base 14, what is 5 + -1d76a5?
-1d76a0
In base 13, what is 16813 - -136?
16949
In base 16, what is -7e449b - 3?
-7e449e
In base 11, what is 19 - -485132?
485150
In base 13, what is 1014 - -3131?
4145
In base 5, what is -13 + 32244424424?
32244424411
In base 10, what is 70350 - 12872?
57478
In base 13, what is 27534a48 + -5?
27534a43
In base 2, what is 1 - 1111010110011110111101?
-1111010110011110111100
In base 4, what is -22210010001 + 1?
-22210010000
In base 15, what is dce0dc + 3?
dce0e0
In base 15, what is -5 + -6205632?
-6205637
In base 16, what is 2e49c5e - -1?
2e49c5f
In base 13, what is 98 + 8c7b8?
8c883
In base 15, what is -518 - -598?
80
In base 9, what is 18 + -1060643?
-1060624
In base 9, what is 0 + 5206726?
5206726
In base 15, what is -84b + -bee56?
-c07a2
In base 6, what is 1035 - 30013325?
-30012250
In base 11, what is -279343 - a?
-279352
In base 3, what is 110022 + -22122012020?
-22121201221
In base 10, what is 104158680 + 2?
104158682
In base 2, what is -10100101101111111111 + -11001010?
-10100101110011001001
In base 16, what is -4be5 - 6ac1?
-b6a6
In base 9, what is 10878 - -2101?
13080
In base 16, what is 2 + e188b89?
e188b8b
In base 16, what is 1d6f343 + 3?
1d6f346
In base 2, what is -111100010000100001 + -1011101?
-111100010001111110
In base 10, what is 81916 + 37?
81953
In base 8, what is -54123361 - -5?
-54123354
In base 16, what is d735c9 - 0?
d735c9
In base 15, what is 2 - 6e597c?
-6e597a
In base 10, what is -27 - 4292926?
-4292953
In base 3, what is -2 + 1022211202010021?
1022211202010012
In base 16, what is ba851 - -4?
ba855
In base 11, what is 17 - -843306?
843322
In base 10, what is 67387 + 1421?
68808
In base 14, what is 388163b + -5?
3881636
In base 7, what is 5 - -355655144?
355655152
In base 4, what is 233 + -11031213?
-11030320
In base 8, what is 5 - -2077750?
2077755
In base 16, what is -2 - -39f66d0?
39f66ce
In base 13, what is -9ab582 - -6?
-9ab579
In base 14, what is 13 - -228c2cc?
228c301
In base 15, what is 557d5 - 14e?
55686
In base 14, what is 17b1bc03 + -1?
17b1bc02
In base 10, what is 1218607 - 13?
1218594
In base 9, what is 5720 + -228153?
-222333
In base 10, what is -31840869 - -5?
-31840864
In base 2, what is -110010110 - -110000000010001011100?
110000000001011000110
In base 9, what is 123388 - 2387?
121001
In base 15, what is 48 + 15d3d?
15d86
In base 2,